ose -n*q + 2*q + 3*r = -318, 3*r = -2*q + 227. List the prime factors of q.
109
Let n(y) = 17*y**2 + y + 1. What are the prime factors of n(-5)?
421
Suppose 3*o = m - 22, -62*m + 6 = -o - 61*m. What are the prime factors of (-1 + (-4 - 2076/o))*2?
509
Suppose 0 = 4*q - 4*g - 3696, 124*g = -3*q + 125*g + 2770. What are the prime factors of q?
13, 71
Let z = -618 - -949. Let f = z - 76. What are the prime factors of f?
3, 5, 17
Let k(j) = 6406*j**3 + j**2 + 12*j - 11. List the prime factors of k(1).
2, 3, 89
Let a(p) = 3*p**2 + 20*p - 630. List the prime factors of a(35).
5, 7, 107
Suppose 3*x = x + 74. Suppose -20*q = -x*q + 3978. List the prime factors of q.
2, 3, 13
Suppose 4*r - 645 = -3*l, 90 = r + 2*l - 70. Let h be 2*(-4)/(-6)*297/44. Suppose r + 27 = h*b. List the prime factors of b.
3, 7
Suppose s - 153 = -2*s. What are the prime factors of (-6)/s + ((-465)/(-17))/3?
3
Let m(x) = -152*x + 383. What are the prime factors of m(-52)?
8287
List the prime factors of (16789 - -33) + (-4)/4.
3, 7, 89
List the prime factors of ((-976590)/(-180))/(6/20).
5, 3617
Let k be (-420)/(-189) + (-2)/9. Suppose 2*l = -b + 183, 2*b + k*b = 12. Let i = l + -25. List the prime factors of i.
5, 13
Suppose 980085 = 43*r - 321568. What are the prime factors of r?
30271
What are the prime factors of (1/(15/190))/((-1 + -1)/(-900))?
2, 3, 5, 19
Suppose 54*q - 49*q - 32997 = 2*j, 0 = 5*q + j - 32994. List the prime factors of q.
6599
Suppose 1416*n = 1421*n - 4170. List the prime factors of n.
2, 3, 139
Let n = 2181 - 1138. Let p = -435 + n. What are the prime factors of p?
2, 19
Suppose 29*p + 49108 = 37*p - 4*s, -10 = -2*s. List the prime factors of p.
3, 23, 89
List the prime factors of (5 - (-159)/(-33)) + 401452/22.
2, 2281
Let t(k) = k**2 + 8*k + 24. Let r be t(-11). Let i = 59 - r. Suppose i*z + 110 = 4*s, 0*z - 63 = -3*s - 5*z. List the prime factors of s.
2, 13
Let m be 3 - 2/(-1*2). Let f = 353 + -198. Suppose -z = m*z - f. List the prime factors of z.
31
Suppose 18*z - 24*z = 0. Suppose z = v - 23 - 413. What are the prime factors of v?
2, 109
Let o(m) = 23*m**2 - 15*m + 408. What are the prime factors of o(-27)?
2, 3, 5, 293
Let j = -5153 - -10880. List the prime factors of j.
3, 23, 83
Suppose -8*h + 316 = -92. Suppose 0 = -h*w + 58*w - 2842. List the prime factors of w.
2, 7, 29
What are the prime factors of (94/(-70) - 60/(-420))/((-3)/13670)?
2, 1367
Suppose 0 = -28*k + 22*k + 12. Suppose -7*j = k*j - 2448. What are the prime factors of j?
2, 17
Let w = -42 - -33. Let c be (-234)/(-27) - (-6)/w. Let i(h) = -h**3 + 9*h**2 + 7*h + 2. List the prime factors of i(c).
2, 61
Let t be ((-6)/4)/(10/(-20)). Suppose t*g + 5*z - 295 = 0, 0*g + 2*g + 5*z - 200 = 0. List the prime factors of g.
5, 19
Let c = 7 + 7. Suppose 96*q = -q + 3314 - 113. Suppose 11*r = c*r - q. List the prime factors of r.
11
Suppose -4*z - 5*o = -o + 324, -4*z = -4*o + 348. Let a = 260 + z. List the prime factors of a.
2, 11
Let s be ((-39276)/(-48))/((-3)/(-4)). Let z = -644 + s. What are the prime factors of z?
3, 149
Let h(f) = -2*f - 7. Let r be h(-4). Let x(q) = 4*q**3 - 32*q**2 - 2*q + 13. Let o be x(8). What are the prime factors of (r/(-1) - o)*(-137)/(-2)?
137
Let d be (-3)/8 - 177/(-472). Suppose -h = 3*y - 638, 3*h + 2*h + y - 3134 = d. List the prime factors of h.
2, 313
Let i(u) = 3381*u**2 + 11*u + 5. What are the prime factors of i(1)?
43, 79
Let v = 15435 + -6057. What are the prime factors of v?
2, 3, 521
Let d be (-6 + 9)/(9/30). Let z(l) = 145*l - 115. List the prime factors of z(d).
3, 5, 89
Let i(h) = 17*h**2 + 3*h + 2. Let b be i(-1). Let j(z) = -z**2 + 35*z - 10. Let l be j(b). Suppose 2*u - l = -4*u. What are the prime factors of u?
7
Suppose -29 = 15*u - 104. Suppose 0 = -n - u*p + 472, 5*n + 3*p - 2316 = -0*p. List the prime factors of n.
2, 3, 7, 11
Let m(d) = d**3 - 2*d**2 - 223*d - 70. List the prime factors of m(35).
2, 3, 5, 7, 31
Let k(o) = 324*o**2 - 55*o + 163. List the prime factors of k(3).
2, 31, 47
Let r(h) = h - 26. Let t be r(7). Let x be (-18 - t)/(1/40). List the prime factors of x/6*(1 - -5).
2, 5
What are the prime factors of 32/40*5 - (-79434)/6?
17, 19, 41
Let a(z) = z**2 - 21*z - 91. Let g(i) = -i**3 + 30*i**2 - 54*i - 83. Let o be g(28). What are the prime factors of a(o)?
5, 241
Let o = -86 - -94. Suppose -o*a - 3 = -5*a, 8725 = -i - 5*a. List the prime factors of (i/9)/(-4) + (-2)/9.
2, 11
Suppose m + 364862 = 5*d, 141*m - 146*m - 218904 = -3*d. List the prime factors of d.
72973
Let o(v) = -v**3 + v**2 - 3*v. Let p be o(3). Suppose 4*x + 14 + 202 = 4*a, a = -x + 50. Let z = p + a. What are the prime factors of z?
5
Let l(q) be the second derivative of -q**3/3 + q**2/2 - 17*q - 8. Suppose 4*j - 5*t + 49 = 0, 4*j - t + 10 = -19. List the prime factors of l(j).
13
Suppose 4*q = 3*q - 53. Let b = q + 59. What are the prime factors of (b/4 - 0)*124/3?
2, 31
Let j(g) = 26*g + 34*g - 24*g - 10 + 17*g. List the prime factors of j(8).
2, 3, 23
Suppose 0 = m - 99 - 11. Let t be 2 + (-4 - m/5). What are the prime factors of (-3)/2*1216/t?
2, 19
Suppose -7*p + 15 = 1. List the prime factors of ((-138)/(-207))/(p/1227).
409
Let t(c) = c + 7. Let f be t(-7). Let p(u) = -u**2 - 4*u + 63. Let g be p(-10). Suppose 2*m + 2 = f, -5*h = 4*m - g*m - 499. What are the prime factors of h?
2, 5
Let q be 21/7 - 33/((-9)/(-3)). Let n(f) = -30*f - 83. What are the prime factors of n(q)?
157
Suppose 4*w = 3*y - 94353, -31449 = -y + 295*w - 294*w. List the prime factors of y.
3, 47, 223
Let y = -433 + 368. What are the prime factors of ((-6)/(-15) - 1)/(1/y)?
3, 13
Let k(s) = s**3 + 84*s**2 - 88*s - 1014. What are the prime factors of k(-81)?
3, 8599
Suppose -3*n = 2*y + 1, -8 - 14 = -4*y + 2*n. Suppose -g - y*c + 793 = -7*c, 5*c = 4*g - 3193. List the prime factors of g.
2, 401
Let h(p) = -p - 1. Let y be h(-3). Let f be (-10)/y - (13 - 22). What are the prime factors of (-4 - (f + -10))/(1/36)?
2, 3
Let j(s) be the first derivative of s**3 + s**2/2 - 269. Suppose -2*y + 5*y + 6 = 0. List the prime factors of j(y).
2, 5
Suppose -18 = -7*g + 38. Let j be 316/36 - (-4)/18. Suppose j*k - g*k - 197 = 0. What are the prime factors of k?
197
Suppose -631 + 616 = 3*w. Let i(q) = -93*q + 320. List the prime factors of i(w).
5, 157
Suppose -10850 = 8*t - 33730. Suppose -t = -9*n - 241. List the prime factors of n.
3, 97
Let i be (-26)/4*44/(-110)*5. List the prime factors of (-14500)/(-15) + i + (-4)/6.
11, 89
Suppose 4*d + 5*y + 20811 - 142174 = 0, -2*d + 60685 = 3*y. List the prime factors of d.
2, 7583
Let h be ((6 - 81) + -5)*1. Let q = h + 287. List the prime factors of q.
3, 23
What are the prime factors of (108236/32)/((-12)/(-96))?
27059
Suppose 0 = -3*h + 4*z - 50, -5*z - 2 + 7 = 2*h. Let p(b) = b**2 + 3*b - 3. Let j be p(-3). List the prime factors of (2 + 6 + j)*(-104)/h.
2, 13
Let g = 113382 + -42268. What are the prime factors of g?
2, 31, 37
Let m(s) = 272*s**2 - 113*s - 812. List the prime factors of m(-7).
7, 1901
Suppose 5*k + 8240 = 6*d - 4*d, -2*d - 4*k + 8222 = 0. List the prime factors of d.
5, 823
Let v(z) = -55*z**2 + 5*z - 45. Let d be v(4). Let x = -347 - d. What are the prime factors of x?
2, 3, 31
Let c(s) = -28*s - 14. Let o(b) = 5*b**2 + 4*b - 3. Let u be o(1). Suppose -u*v - 29 = -5. List the prime factors of c(v).
2, 7
Let r = 569 - 542. List the prime factors of 189/r - (2 + -32).
37
Let s be 0/(-1) + (-39)/(-13). Suppose s*w = 2*w + 6. List the prime factors of 2/1 + 270/w.
47
Let m(v) = 29*v**2 + 7*v + 10. What are the prime factors of m(-23)?
2, 5, 7, 31
List the prime factors of (306/8)/((-84)/(-3136)).
2, 3, 7, 17
Let s be 1/(25/7790) + 4/10. What are the prime factors of (-4708)/(-13) - 48/s?
2, 181
Let k be (63/(-18))/((-1)/(-2)). What are the prime factors of (-2)/9 - ((-6445)/45 + k)?
2, 3, 5
Let v = 159 - 3147. What are the prime factors of ((-55)/(-165))/((-1)/v)?
2, 3, 83
Suppose -5*i = 2*h - 22, -5*i + 2*i + 3*h + 9 = 0. Let o be (-296)/(i - 5) - 1. Let b = -200 + o. What are the prime factors of b?
5, 19
Let u(w) = 2*w + 158. Let f(o) = o + 160. Let h(y) = 4*f(y) - 3*u(y). What are the prime factors of h(-35)?
2, 59
Suppose 4*f - 903 = u - 2*u, 3*f - u = 686. What are the prime factors of f*((-26)/(-5) - 14/70)?
5, 227
